
309779
What are the prime factors of 78626?
2, 39313
What are the prime factors of 1476988?
2, 369247
List the prime factors of 324434.
2, 11, 14747
What are the prime factors of 7287809?
73, 99833
What are the prime factors of 5715244?
2, 1428811
List the prime factors of 40249.
11, 3659
List the prime factors of 269829.
3, 7, 4283
List the prime factors of 26891.
26891
List the prime factors of 146530.
2, 5, 14653
List the prime factors of 7792653.
3, 11, 23, 10267
What are the prime factors of 206969?
7, 29567
What are the prime factors of 377730?
2, 3, 5, 1399
What are the prime factors of 517657?
7, 73951
What are the prime factors of 61724?
2, 13, 1187
List the prime factors of 130474.
2, 89, 733
What are the prime factors of 783064?
2, 97883
What are the prime factors of 2342911?
157, 14923
List the prime factors of 2657516.
2, 664379
List the prime factors of 337120.
2, 5, 7, 43
List the prime factors of 555232.
2, 17351
List the prime factors of 382778.
2, 11, 127, 137
List the prime factors of 4436119.
4436119
What are the prime factors of 38781?
3, 31, 139
What are the prime factors of 8310607?
37, 224611
What are the prime factors of 948191?
109, 8699
List the prime factors of 18694313.
11, 223, 7621
What are the prime factors of 974923?
974923
List the prime factors of 33138919.
11, 3012629
List the prime factors of 22647.
3, 7549
List the prime factors of 367452.
2, 3, 59, 173
What are the prime factors of 287148?
2, 3, 23929
What are the prime factors of 234693?
3, 89, 293
List the prime factors of 312734.
2, 271, 577
What are the prime factors of 13519458?
2, 3, 43, 17467
List the prime factors of 3198584.
2, 17, 29, 811
What are the prime factors of 12486488?
2, 7, 293, 761
What are the prime factors of 19060454?
2, 7, 937, 1453
What are the prime factors of 6169069?
1699, 3631
List the prime factors of 324421.
439, 739
List the prime factors of 2948203.
2948203
List the prime factors of 2478256.
2, 11, 14081
List the prime factors of 161115.
3, 5, 23, 467
What are the prime factors of 41705?
5, 19, 439
List the prime factors of 1516700.
2, 5, 29, 523
List the prime factors of 4553778.
2, 3, 758963
List the prime factors of 5588082.
2, 3, 103483
What are the prime factors of 5527251?
3, 41, 4993
List the prime factors of 4602208.
2, 13, 23, 37
What are the prime factors of 6723443?
6723443
What are the prime factors of 30465834?
2, 3, 7, 29, 25013
List the prime factors of 32803052.
2, 193, 42491
What are the prime factors of 16738073?
11, 1521643
What are the prime factors of 259935?
3, 5, 13, 31, 43
What are the prime factors of 3481745?
5, 696349
What are the prime factors of 1193336?
2, 43, 3469
What are the prime factors of 159821?
71, 2251
What are the prime factors of 1116495?
3, 5, 43, 577
List the prime factors of 2198263.
281, 7823
What are the prime factors of 679558?
2, 11, 17, 23, 79
What are the prime factors of 7982323?
7982323
What are the prime factors of 12060200?
2, 5, 47, 1283
What are the prime factors of 22837?
41, 557
What are the prime factors of 1075747?
59, 18233
List the prime factors of 1236084.
2, 3, 103007
What are the prime factors of 114913?
114913
What are the prime factors of 9401636?
2, 2350409
List the prime factors of 97756.
2, 24439
What are the prime factors of 3393997?
3393997
List the prime factors of 26390525.
5, 7, 19, 7937
What are the prime factors of 2038841?
7, 41609
List the prime factors of 8124076.
2, 43, 149, 317
List the prime factors of 1135022.
2, 7, 17, 19, 251
List the prime factors of 39420537.
3, 13, 1010783
What are the prime factors of 1827135?
3, 5, 19, 2137
What are the prime factors of 804667?
31, 101, 257
What are the prime factors of 29200775?
5, 1168031
What are the prime factors of 432503?
432503
List the prime factors of 30049111.
439, 68449
What are the prime factors of 20217580?
2, 5, 31, 32609
List the prime factors of 544458.
2, 3, 103, 881
List the prime factors of 2472379.
7, 13, 101, 269
What are the prime factors of 180483?
3, 60161
What are the prime factors of 8992103?
23, 390961
What are the prime factors of 19896270?
2, 3, 5, 663209
What are the prime factors of 12183670?
2, 5, 1218367
List the prime factors of 2394246.
2, 3, 17, 23473
List the prime factors of 17169540.
2, 3, 5, 19, 15061
What are the prime factors of 2109292?
2, 17, 31019
What are the prime factors of 17870455?
5, 3574091
List the prime factors of 13036885.
5, 2607377
List the prime factors of 1477045.
5, 17, 17377
List the prime factors of 5682571.
37, 383, 401
What are the prime factors of 3121166?
2, 17, 41, 2239
List the prime factors of 142631.
31, 43, 107
List the prime factors of 80402.
2, 7, 5743
What are the prime factors of 3705211?
41, 90371
List the prime factors of 6192436.
2, 31, 49939
What are the prime factors of 2481104?
2, 155069
List the prime factors of 729654.
2, 3, 121609
What are the prime factors of 204627?
3, 68209
List the prime factors of 4371393.
3, 13, 112087
What are the prime factors of 10059833?
7, 47, 30577
List the prime factors of 43373741.
167, 259723
What are the prime factors of 6459803?
7, 23, 40123
List the prime factors of 462412.
2, 115603
List the prime factors of 4829639.
877, 5507
List the prime factors of 1783410.
2, 3, 5, 59447
List the prime factors of 13302890.
2, 5, 331, 4019
List the prime factors of 2013788.
2, 7, 23, 53, 59
What are the prime factors of 1970601?
3, 251, 2617
What are the prime factors of 166543?
13, 23, 557
List the prime factors of 8091906.
2, 3, 23, 191, 307
What are the prime factors of 98341?
43, 2287
What are the prime factors of 14690831?
449, 32719
List the prime factors of 7559323.
7559323
List the prime factors of 240124.
2, 173, 347
What are the prime factors of 1464218?
2, 7, 67, 223
What are the prime factors of 7078654?
2, 11, 321757
What are the prime factors of 5074643?
7, 724949
What are the prime factors of 8075738?
2, 11, 331, 1109
What are the prime factors of 167510?
2, 5, 7, 2393
List the prime factors of 10239116.
2, 263, 9733
What are the prime factors of 5427861?
3, 1809287
List the prime factors of 1577891.
7, 431, 523
What are the prime factors of 2449487?
2449487
List the prime factors of 14906127.
3, 17, 19, 15383
What are the prime factors of 35469078?
2, 3, 5911513
What are the prime factors of 5961820?
2, 5, 19, 29, 541
List the prime factors of 10462674.
2, 3, 43, 107, 379
List the prime factors of 3146706.
2, 3, 59, 2963
What are the prime factors of 3386282?
2, 977, 1733
What are the prime factors of 337760?
2, 5, 2111
What are the prime factors of 36302?
2, 7, 2593
What are the prime factors of 4470721?
137, 32633
List the prime factors of 2764328.
2, 7, 49363
List the prime factors of 13195318.
2, 89, 74131
List the prime factors of 8578193.
13, 431, 1531
What are the prime factors of 332380?
2, 5, 16619
List the prime factors of 125614.
2, 181, 347
List the prime factors of 11721819.
3, 163, 23971
List the prime factors of 4791330.
2, 3, 5, 139, 383
What are the prime factors of 184671?
3, 17, 71
What are the prime factors of 9383612?
2, 7, 139, 2411
List the prime factors of 343391.
343391
What are the prime factors of 8309069?
1151, 7219
What are the prime factors of 8514034?
2, 4257017
List the prime factors of 131081.
19, 6899
List the prime factors of 247353.
3, 41, 2011
What are the prime factors of 774437?
79, 9803
List the prime factors of 4835298.
2, 3, 13, 61991
What are the prime factors of 510560?
2, 5, 3191
What are the prime factors of 1302638?
2, 347, 1877
What are the prime factors of 162946?
2, 7, 103, 113
List the prime factors of 471694.
2, 19, 12413
List the prime factors of 81927.
3, 9103
What are the prime factors of 29188457?
47, 621031
What are the prime factors of 796281?
3, 265427
List the prime factors of 17311632.
2, 3, 13, 27743
List the prime factors of 17419356.
2, 3, 17, 28463
List the prime factors of 1447848.
2, 3, 6703
List the prime factors of 1340561.
1340561
What are the prime factors of 828387?
3, 7, 487
What are the prime factors of 1428905?
5, 285781
List the prime factors of 1336686.
2, 3, 13, 17137
List the prime factors of 7417972.
2, 67, 89, 311
List the prime factors of 3160436.
2, 17, 46477
List the prime factors of 517540